actor of 566112 and 96.
96
What is the highest common divisor of 5898 and 6?
6
What is the highest common divisor of 1161875 and 1183?
169
Calculate the highest common factor of 13689 and 15.
3
What is the greatest common divisor of 28053 and 4842?
9
What is the highest common factor of 223260 and 60?
60
Calculate the highest common factor of 287432 and 228.
76
What is the greatest common divisor of 1900 and 320796?
76
What is the greatest common factor of 1896 and 22515?
237
Calculate the highest common factor of 2845 and 295.
5
What is the greatest common divisor of 79742 and 3926?
26
Calculate the highest common factor of 530 and 5000.
10
Calculate the greatest common divisor of 179963 and 9212.
329
Calculate the highest common factor of 13 and 11599744.
13
Calculate the greatest common factor of 136 and 11920.
8
What is the highest common factor of 533758 and 62?
62
What is the highest common divisor of 893 and 1121?
19
What is the highest common divisor of 12 and 7845?
3
What is the greatest common divisor of 70 and 600985?
35
What is the highest common divisor of 4456144 and 154?
154
What is the highest common divisor of 3621 and 697?
17
Calculate the greatest common factor of 64 and 174808.
8
Calculate the greatest common factor of 44264 and 7216.
88
What is the highest common divisor of 21081 and 3?
3
Calculate the highest common divisor of 56268 and 5184.
108
Calculate the greatest common factor of 650930 and 30.
10
What is the highest common divisor of 30083 and 36818?
449
Calculate the greatest common factor of 18630 and 920.
230
Calculate the highest common divisor of 867 and 11475.
51
Calculate the highest common divisor of 15 and 213.
3
Calculate the highest common divisor of 45 and 143870.
5
What is the greatest common divisor of 243 and 367794?
27
What is the greatest common factor of 1001 and 3954379?
143
Calculate the greatest common divisor of 95 and 13584335.
95
Calculate the highest common divisor of 34 and 80019.
17
What is the greatest common divisor of 8695 and 18800?
235
Calculate the highest common divisor of 138 and 254794.
46
What is the highest common divisor of 2576 and 42826?
322
What is the highest common factor of 86664 and 30615?
471
What is the greatest common factor of 1572 and 571422?
786
What is the highest common factor of 67 and 359?
1
What is the highest common factor of 210 and 48440?
70
What is the greatest common factor of 2512 and 200332?
628
What is the highest common factor of 167034 and 17794?
574
Calculate the highest common divisor of 15288 and 99960.
1176
Calculate the highest common divisor of 102646 and 238.
34
What is the greatest common divisor of 28 and 1325856?
28
What is the highest common factor of 1625154 and 6?
6
Calculate the highest common factor of 40362 and 693.
21
Calculate the highest common divisor of 1030 and 12187990.
1030
What is the greatest common divisor of 607536 and 120?
24
What is the highest common factor of 550 and 651475?
275
Calculate the greatest common factor of 111 and 706219.
37
What is the highest common factor of 72452 and 5900?
236
Calculate the highest common divisor of 210 and 67010.
10
Calculate the highest common factor of 5947 and 1007.
19
Calculate the greatest common divisor of 46644 and 18147.
69
What is the highest common factor of 2058 and 3273396?
294
Calculate the greatest common factor of 39 and 141167.
13
Calculate the greatest common factor of 47523 and 803.
73
Calculate the greatest common factor of 89300 and 1269.
47
What is the greatest common divisor of 135798 and 351?
39
What is the greatest common factor of 478246 and 1634?
86
Calculate the highest common factor of 117 and 2493.
9
What is the greatest common divisor of 9633 and 9126?
507
Calculate the highest common factor of 25924 and 404.
4
What is the greatest common factor of 3212 and 308?
44
Calculate the highest common factor of 5609 and 1136.
71
Calculate the highest common divisor of 26468 and 6058.
26
Calculate the greatest common factor of 93746 and 76.
38
What is the greatest common divisor of 51 and 176817?
51
Calculate the greatest common divisor of 43704 and 288.
72
What is the highest common factor of 528 and 386034?
66
Calculate the highest common factor of 70470 and 9.
9
What is the greatest common divisor of 234536 and 456?
152
What is the highest common divisor of 56 and 62594?
14
Calculate the highest common factor of 33439 and 14.
7
Calculate the highest common factor of 7182 and 228.
114
Calculate the greatest common divisor of 248553 and 9.
9
What is the greatest common divisor of 33 and 325303?
11
Calculate the highest common divisor of 1074 and 2688.
6
What is the highest common divisor of 88140 and 420?
60
Calculate the highest common factor of 12354 and 1914.
174
Calculate the greatest common factor of 259 and 2627555.
259
Calculate the highest common factor of 3549951 and 387.
387
Calculate the greatest common divisor of 1930 and 8290.
10
Calculate the greatest common factor of 2 and 17017.
1
What is the greatest common divisor of 42 and 148902?
6
Calculate the highest common divisor of 646792 and 4.
4
Calculate the greatest common divisor of 1873 and 5.
1
Calculate the greatest common divisor of 23253 and 1311.
69
Calculate the greatest common factor of 623 and 84.
7
What is the greatest common factor of 704 and 7304?
88
Calculate the greatest common divisor of 808487 and 37.
37
Calculate the greatest common factor of 74602 and 22.
22
Calculate the highest common divisor of 299114 and 1388.
694
What is the greatest common divisor of 94 and 8339586?
94
Calculate the highest common divisor of 51 and 40069.
17
Calculate the highest common divisor of 114 and 95133.
57
Calculate the greatest common factor of 56 and 561400.
56
Calculate the highest common divisor of 87 and 99673.
29
Calculate the highest common divisor of 6669 and 64341.
27
What is the greatest common factor of 136 and 986816?
136
Calculate the greatest common divisor of 216 and 264168.
216
What is the highest common factor of 33674 and 6780?
226
Calculate the highest common factor of 153444 and 9348.
228
Calculate the greatest common divisor of 226041 and 6.
3
Calculate the highest common divisor of 6354 and 288.
18
What is the greatest common factor of 330768 and 144?
144
What is the highest common factor of 963 and 1170045?
963
What is the greatest common factor of 11033487 and 477?
477
What is the greatest common divisor of 200 and 28030?
10
What is the highest common factor of 54665 and 1015?
145
Calculate the highest common factor of 901 and 1343.
17
Calculate the highest common divisor of 2242966 and 43.
43
What is the highest common factor of 637 and 676949?
91
What is the highest common divisor of 25 and 3225?
25
Calculate the greatest common divisor of 1445 and 325.
5
Calculate the highest common divisor of 12324 and 11232.
156
What is the greatest common factor of 865698 and 942?
942
Calculate the greatest common divisor of 419 and 957415.
419
Calculate the highest common divisor of 350 and 42434.
14
What is the highest common factor of 7076 and 464?
116
What is the greatest common factor of 3545729 and 11?
11
Calculate the highest common factor of 10131 and 66.
33
What is the highest common factor of 20800 and 100?
100
What is the greatest common divisor of 53802 and 49?
49
Calculate the highest common factor of 279968 and 4.
4
What is the greatest common divisor of 151 and 37146?
151
What is the highest common divisor of 287423 and 20426?
1459
Calculate the greatest common factor of 15255 and 1080.
135
Calculate the highest common divisor of 20832 and 525.
21
Calculate the greatest common divisor of 176110 and 5.
5
Calculate the greatest common factor of 20 and 33265.
5
What is the greatest common factor of 485876 and 4?
4
Calculate the greatest common divisor of 816 and 19788.
204
What is the highest common divisor of 98 and 399434?
14
Calculate the highest common factor of 383341 and 23.
23
What is the highest common divisor of 25438 and 431893?
553
Calculate the greatest common divisor of 204 and 181866.
102
What is the greatest common factor of 527 and 32116?
31
Calculate the highest common factor of 3774 and 36.
6
What is the highest common factor of 21667 and 76987?
461
Cal